{"id":240,"date":"2020-09-17T17:09:32","date_gmt":"2020-09-17T17:09:32","guid":{"rendered":"http:\/\/ideen-im-team.de\/?page_id=240"},"modified":"2021-07-24T17:05:22","modified_gmt":"2021-07-24T17:05:22","slug":"1111-dosen-fuer-den-turm-der-hoffnung","status":"publish","type":"page","link":"https:\/\/ideen-im-team.de\/?page_id=240","title":{"rendered":"1111 Dosen f\u00fcr den &#8222;Turm der Hoffnung&#8220;"},"content":{"rendered":"<p><span style=\"color: #000000;\">Nun ist es endlich vollbracht, am 14.08.2020 konnten wir unser Projekt \u201eTurm der Hoffnung\u201c zugunsten krebskranker Kinder mit einem WELTREKORD in \u201eDosen-Turm-Schnellaufbau\u201c abschlie\u00dfen.<\/span><\/p>\n<p><span style=\"color: #000000;\">In einem dramatischen Krimi konnten wir die von unseren kleinen und gro\u00dfen Unterst\u00fctzern\u00a0gesammelten und bunt gestalteten\/bemalten Konservendosen, zu einem gigantischen 3,29 Meter hohen Turm aufstellen.<\/span><\/p>\n<p><span style=\"color: #000000;\"><img loading=\"lazy\" decoding=\"async\" src=\"http:\/\/ideen-im-team.de\/wp-content\/uploads\/2020\/09\/IMG-20200826-WA0011-225x300.jpg\" alt=\"\" class=\"wp-image-231 alignright\" width=\"254\" height=\"339\" srcset=\"https:\/\/ideen-im-team.de\/wp-content\/uploads\/2020\/09\/IMG-20200826-WA0011-225x300.jpg 225w, https:\/\/ideen-im-team.de\/wp-content\/uploads\/2020\/09\/IMG-20200826-WA0011-768x1024.jpg 768w, https:\/\/ideen-im-team.de\/wp-content\/uploads\/2020\/09\/IMG-20200826-WA0011-1152x1536.jpg 1152w, https:\/\/ideen-im-team.de\/wp-content\/uploads\/2020\/09\/IMG-20200826-WA0011.jpg 1200w\" sizes=\"auto, (max-width: 254px) 100vw, 254px\" \/>Zu dem Weltrekord haben wir auch noch jeweils 500 Euro gespendet an<\/span><\/p>\n<ul>\n<li><span style=\"color: #000000;\">die Deutsche Kinderkrebsstiftung,<\/span><\/li>\n<li><span style=\"color: #000000;\">die Klinik-Clowns Hamburg e.V.,<\/span><\/li>\n<li><span style=\"color: #000000;\">die F\u00f6rdergemeinschaft Kinderkrebs-Zentrum Hamburg e.V.<\/span><\/li>\n<\/ul>\n<p><span style=\"color: #000000;\">Aber ohne die Unterst\u00fctzung unserer kleinen und gro\u00dfen Freunde, k\u00f6nnten wir solche Projekte niemals realisieren.<\/span><\/p>\n<p><span style=\"color: #000000;\"><strong><img loading=\"lazy\" decoding=\"async\" src=\"http:\/\/ideen-im-team.de\/wp-content\/uploads\/2020\/09\/IMG-20200826-WA0000-01-227x300.jpeg\" alt=\"\" class=\"size-medium wp-image-230 alignleft\" width=\"227\" height=\"300\" srcset=\"https:\/\/ideen-im-team.de\/wp-content\/uploads\/2020\/09\/IMG-20200826-WA0000-01-227x300.jpeg 227w, https:\/\/ideen-im-team.de\/wp-content\/uploads\/2020\/09\/IMG-20200826-WA0000-01.jpeg 582w\" sizes=\"auto, (max-width: 227px) 100vw, 227px\" \/><\/strong><\/span><\/p>\n<p><span style=\"color: #000000;\"><strong>Wir DANKEN EUCH ALLEN und freuen uns RIESIG,<br \/>\nmit EUCH zusammen diesen WELTREKORD aufgestellt zu haben.<\/strong><\/span><\/p>\n<p><span style=\"color: #000000;\"><strong>1000 DANK nochmals an ALLE Beteiligten.<\/strong><\/span><\/p>\n<p><span style=\"color: #000000;\"><img loading=\"lazy\" decoding=\"async\" src=\"http:\/\/ideen-im-team.de\/wp-content\/uploads\/2020\/09\/IMG-20200816-WA0086.jpg\" alt=\"\" class=\"alignnone wp-image-233 size-full\" width=\"1448\" height=\"1448\" srcset=\"https:\/\/ideen-im-team.de\/wp-content\/uploads\/2020\/09\/IMG-20200816-WA0086.jpg 1448w, https:\/\/ideen-im-team.de\/wp-content\/uploads\/2020\/09\/IMG-20200816-WA0086-300x300.jpg 300w, https:\/\/ideen-im-team.de\/wp-content\/uploads\/2020\/09\/IMG-20200816-WA0086-1024x1024.jpg 1024w, https:\/\/ideen-im-team.de\/wp-content\/uploads\/2020\/09\/IMG-20200816-WA0086-150x150.jpg 150w, https:\/\/ideen-im-team.de\/wp-content\/uploads\/2020\/09\/IMG-20200816-WA0086-768x768.jpg 768w\" sizes=\"auto, (max-width: 1448px) 100vw, 1448px\" \/><\/span><\/p>\n<p><span style=\"color: #000000;\"><img loading=\"lazy\" decoding=\"async\" src=\"http:\/\/ideen-im-team.de\/wp-content\/uploads\/2020\/09\/IMG-20200816-WA0085.jpg\" alt=\"\" class=\"alignnone wp-image-232 size-full\" width=\"1599\" height=\"1200\" srcset=\"https:\/\/ideen-im-team.de\/wp-content\/uploads\/2020\/09\/IMG-20200816-WA0085.jpg 1599w, https:\/\/ideen-im-team.de\/wp-content\/uploads\/2020\/09\/IMG-20200816-WA0085-300x225.jpg 300w, https:\/\/ideen-im-team.de\/wp-content\/uploads\/2020\/09\/IMG-20200816-WA0085-1024x768.jpg 1024w, https:\/\/ideen-im-team.de\/wp-content\/uploads\/2020\/09\/IMG-20200816-WA0085-768x576.jpg 768w, https:\/\/ideen-im-team.de\/wp-content\/uploads\/2020\/09\/IMG-20200816-WA0085-1536x1153.jpg 1536w\" sizes=\"auto, (max-width: 1599px) 100vw, 1599px\" \/><img loading=\"lazy\" decoding=\"async\" src=\"http:\/\/ideen-im-team.de\/wp-content\/uploads\/2020\/09\/IMG-20200816-WA0087-300x300.jpg\" alt=\"\" class=\"alignnone size-medium wp-image-229\" width=\"300\" height=\"300\" srcset=\"https:\/\/ideen-im-team.de\/wp-content\/uploads\/2020\/09\/IMG-20200816-WA0087-300x300.jpg 300w, https:\/\/ideen-im-team.de\/wp-content\/uploads\/2020\/09\/IMG-20200816-WA0087-1024x1024.jpg 1024w, https:\/\/ideen-im-team.de\/wp-content\/uploads\/2020\/09\/IMG-20200816-WA0087-150x150.jpg 150w, https:\/\/ideen-im-team.de\/wp-content\/uploads\/2020\/09\/IMG-20200816-WA0087-768x768.jpg 768w, https:\/\/ideen-im-team.de\/wp-content\/uploads\/2020\/09\/IMG-20200816-WA0087.jpg 1448w\" sizes=\"auto, (max-width: 300px) 100vw, 300px\" \/>\u00a0 \u00a0 \u00a0 \u00a0 \u00a0 <img loading=\"lazy\" decoding=\"async\" src=\"http:\/\/ideen-im-team.de\/wp-content\/uploads\/2020\/03\/Turm2-225x300.jpg\" alt=\"\" class=\"alignnone size-medium wp-image-206\" width=\"225\" height=\"300\" srcset=\"https:\/\/ideen-im-team.de\/wp-content\/uploads\/2020\/03\/Turm2-225x300.jpg 225w, https:\/\/ideen-im-team.de\/wp-content\/uploads\/2020\/03\/Turm2-768x1024.jpg 768w, https:\/\/ideen-im-team.de\/wp-content\/uploads\/2020\/03\/Turm2-1152x1536.jpg 1152w, https:\/\/ideen-im-team.de\/wp-content\/uploads\/2020\/03\/Turm2.jpg 1200w\" sizes=\"auto, (max-width: 225px) 100vw, 225px\" \/><\/span><\/p>\n<p><span style=\"color: #000000;\"><strong>Weitere Fotos und Berichte gibt es auch auf unserer Ideen im Team Seite bei Facebook.<\/strong><\/span><\/p>\n<p><span style=\"color: #000000;\"><a href=\"https:\/\/www.facebook.com\/ideen.im.team\/\" target=\"_blank\" rel=\"noopener noreferrer\" style=\"color: #000000;\">https:\/\/www.facebook.com\/ideen.im.team\/<\/a><\/span><\/p>\n<p><span style=\"color: #000000;\">Herzlichen DANK,<br \/>\n<\/span><span style=\"color: #000000;\">Euer Faruk S\u00fcren<br \/>\n<\/span><span style=\"color: #000000;\">Ideen im Team<\/span><\/p>\n<p>&nbsp;<\/p>\n<p><strong>Vorgeschichte:<\/strong><\/p>\n<p><span style=\"color: #000000;\">Ab hier k\u00f6nnt Ihr unsere Beitr\u00e4ge sehen, die von der Entstehung und der Durchf\u00fchrung des Projektes berichten. Eine Riesen Aktion, die viel Spa\u00df gemacht hat und nur gemeinsam mit allen Beteiligten m\u00f6glich werden konnte!<\/span><\/p>\n<p><span style=\"color: #000000;\"><strong>In der Sparkasse in Eimsb\u00fcttel haben wir Gro\u00dfes bewegt.\u00a0<\/strong><\/span><\/p>\n<p><span style=\"color: #000000;\">Drei riesige Schecks, drei Spenden an krebskranke Kinder &#8230;<\/span><\/p>\n<p><span style=\"color: #000000;\"><img loading=\"lazy\" decoding=\"async\" src=\"http:\/\/ideen-im-team.de\/wp-content\/uploads\/2020\/08\/Faruk-PHOTO-2020-08-12-22-26-59-1024x768.jpg\" alt=\"\" class=\"alignnone wp-image-224 size-large\" width=\"750\" height=\"563\" srcset=\"https:\/\/ideen-im-team.de\/wp-content\/uploads\/2020\/08\/Faruk-PHOTO-2020-08-12-22-26-59-1024x768.jpg 1024w, https:\/\/ideen-im-team.de\/wp-content\/uploads\/2020\/08\/Faruk-PHOTO-2020-08-12-22-26-59-300x225.jpg 300w, https:\/\/ideen-im-team.de\/wp-content\/uploads\/2020\/08\/Faruk-PHOTO-2020-08-12-22-26-59-768x576.jpg 768w, https:\/\/ideen-im-team.de\/wp-content\/uploads\/2020\/08\/Faruk-PHOTO-2020-08-12-22-26-59-1536x1152.jpg 1536w, https:\/\/ideen-im-team.de\/wp-content\/uploads\/2020\/08\/Faruk-PHOTO-2020-08-12-22-26-59.jpg 1600w\" sizes=\"auto, (max-width: 750px) 100vw, 750px\" \/><\/span><\/p>\n<p><span style=\"color: #000000;\">&#8230; und ein Aufruf zu unserem Weltrekordversuch.<\/span><\/p>\n<p><span style=\"color: #000000;\"><img loading=\"lazy\" decoding=\"async\" src=\"http:\/\/ideen-im-team.de\/wp-content\/uploads\/2020\/08\/Faruk2-PHOTO-2020-08-12-22-37-47-768x1024.jpg\" alt=\"\" class=\"alignnone wp-image-223 size-large\" width=\"750\" height=\"1000\" srcset=\"https:\/\/ideen-im-team.de\/wp-content\/uploads\/2020\/08\/Faruk2-PHOTO-2020-08-12-22-37-47-768x1024.jpg 768w, https:\/\/ideen-im-team.de\/wp-content\/uploads\/2020\/08\/Faruk2-PHOTO-2020-08-12-22-37-47-225x300.jpg 225w, https:\/\/ideen-im-team.de\/wp-content\/uploads\/2020\/08\/Faruk2-PHOTO-2020-08-12-22-37-47-1152x1536.jpg 1152w, https:\/\/ideen-im-team.de\/wp-content\/uploads\/2020\/08\/Faruk2-PHOTO-2020-08-12-22-37-47.jpg 1200w\" sizes=\"auto, (max-width: 750px) 100vw, 750px\" \/><\/span><\/p>\n<p><span style=\"color: #000000;\">meine Privatinitiative \u201eIdeen im Team\u201c \u00a0wird Ende des Jahres 10 Jahre alt.<\/span><\/p>\n<p><span style=\"color: #000000;\">Zu diesem besonderen Jubil\u00e4um m\u00f6chte ich mich als erstes bei allen Unterst\u00fctzern aus tiefstem Herzen bedanken und Euch alle zu unserer aller ersten Challenge aufrufen.<\/span><\/p>\n<p><span style=\"color: #000000;\"><img loading=\"lazy\" decoding=\"async\" src=\"http:\/\/ideen-im-team.de\/wp-content\/uploads\/2020\/03\/Turm1.jpg\" alt=\"\" class=\"aligncenter wp-image-207 size-full\" width=\"1200\" height=\"1600\" srcset=\"https:\/\/ideen-im-team.de\/wp-content\/uploads\/2020\/03\/Turm1.jpg 1200w, https:\/\/ideen-im-team.de\/wp-content\/uploads\/2020\/03\/Turm1-225x300.jpg 225w, https:\/\/ideen-im-team.de\/wp-content\/uploads\/2020\/03\/Turm1-768x1024.jpg 768w, https:\/\/ideen-im-team.de\/wp-content\/uploads\/2020\/03\/Turm1-1152x1536.jpg 1152w\" sizes=\"auto, (max-width: 1200px) 100vw, 1200px\" \/><\/span><\/p>\n<p><span style=\"color: #000000;\">Die Challenge: <strong>TURM DER HOFFNUNG<\/strong><\/span><\/p>\n<p><span style=\"color: #000000;\">Wir errichten aus 1111 (leeren) Dosen, den \u201eTurm der Hoffnung\u201c zugunsten krebskranker Kinder in Hamburg.<\/span><\/p>\n<p><span style=\"color: #000000;\"><img loading=\"lazy\" decoding=\"async\" src=\"http:\/\/ideen-im-team.de\/wp-content\/uploads\/2019\/07\/dose-300x225.jpg\" alt=\"\" class=\"size-medium wp-image-176 alignright\" width=\"300\" height=\"225\" srcset=\"https:\/\/ideen-im-team.de\/wp-content\/uploads\/2019\/07\/dose-300x225.jpg 300w, https:\/\/ideen-im-team.de\/wp-content\/uploads\/2019\/07\/dose.jpg 347w\" sizes=\"auto, (max-width: 300px) 100vw, 300px\" \/><\/span><\/p>\n<p><span style=\"color: #000000;\">Der<strong> \u201eTurm der Hoffnung\u201c<\/strong> soll allen kranken Kindern\/Menschen und deren Angeh\u00f6rigen Mut und Hoffnung im Kampf gegen die Krankheit geben und Ihnen zeigen, dass wir in der schweren Zeit an sie denken und ihnen mit unserer Aktion beistehen m\u00f6chten. Au\u00dferdem soll der Turm der Hoffnung auch ein Dankesch\u00f6n an alle die Menschen sein, die sich ehrenamtlich um kranke Menschen k\u00fcmmern.<\/span><\/p>\n<p><span style=\"color: #000000;\">Jeder der bei dieser Challenge mitmachen m\u00f6chte und es sich leisten kann, sollte zu seiner Dose, <strong>1 Euro<\/strong> <strong>spenden<\/strong>.<\/span><br \/>\n<span style=\"color: #000000;\"><strong>Wenn wir die 1111 Euro zusammen bekommen, erh\u00f6ht \u201eIdeen-im-Team\u201c die Spendensumme auf 1500 Euro!<\/strong><\/span><\/p>\n<p><span style=\"color: #000000;\">Diese Summe spenden wir dann zu jeweils <strong>500,- Euro<\/strong> an die:<\/span><\/p>\n<ul>\n<li><span style=\"color: #000000;\"><strong>Deutsche Kinderkrebsstiftung<\/strong><\/span><\/li>\n<li><span style=\"color: #000000;\"><strong>F\u00f6rdergemeinschaft Kinderkrebs-Zentrum Hamburg e.V.<\/strong><\/span><\/li>\n<li><span style=\"color: #000000;\"><strong>Klinik-Clowns Hamburg e.V.<\/strong><\/span><\/li>\n<\/ul>\n<p><span style=\"color: #000000;\"><img loading=\"lazy\" decoding=\"async\" src=\"http:\/\/ideen-im-team.de\/wp-content\/uploads\/2020\/03\/TdH-4.jpeg\" alt=\"\" class=\"aligncenter wp-image-212 size-full\" width=\"1184\" height=\"1277\" srcset=\"https:\/\/ideen-im-team.de\/wp-content\/uploads\/2020\/03\/TdH-4.jpeg 1184w, https:\/\/ideen-im-team.de\/wp-content\/uploads\/2020\/03\/TdH-4-278x300.jpeg 278w, https:\/\/ideen-im-team.de\/wp-content\/uploads\/2020\/03\/TdH-4-949x1024.jpeg 949w, https:\/\/ideen-im-team.de\/wp-content\/uploads\/2020\/03\/TdH-4-768x828.jpeg 768w\" sizes=\"auto, (max-width: 1184px) 100vw, 1184px\" \/><\/span><\/p>\n<p><span style=\"color: #000000;\">Wir freuen uns \u00fcber jede Spende, die Sie direkt an die Einrichtungen spenden. Gerne unter dem Verwendungszweck: \u201eTurm der Hoffnung\u201c.<\/span><\/p>\n<p><span style=\"color: #000000;\">Kindereinrichtungen wie Kinderg\u00e4rten oder Schulen, die gerne an der Challenge teilnehmen m\u00f6chten aber Schwierigkeiten haben das Geld zusammen zu bekommen, sind trotzdem herzlichst eingeladen, an dem Projekt teilzunehmen.<\/span><br \/>\n<span style=\"color: #000000;\"><strong>\u201eIdeen im Team\u201c <\/strong>\u00fcbernimmt in solchen F\u00e4llen selbstverst\u00e4ndlich die Patenschaften f\u00fcr die Kinder.<\/span><\/p>\n<p><span style=\"color: #000000;\">F\u00fcr die erfolgreiche Umsetzung unserer Challenge brauchen wir eigentlich nur \u201eEuch\u201c und unsere immer motivierten &#8222;Ideen-im-Team-Kids&#8220;.<\/span><\/p>\n<p><span style=\"color: #000000;\">Hiermit nominieren wir Dich \/ Euch, eine Dose zu gestalten und an uns zu schicken.<\/span><\/p>\n<p><span style=\"color: #000000;\"><strong><u>Ihr braucht:<\/u><\/strong><\/span><\/p>\n<ol>\n<li><span style=\"color: #000000;\">eine Konserven-Dose (Gr\u00f6sse: H\u00f6he 12 x Breite 10cm).<\/span><\/li>\n<li><span style=\"color: #000000;\">ein Blatt Malpapier.<\/span><\/li>\n<li><span style=\"color: #000000;\">Malstifte oder Tuschkasten zum Malen.<\/span><\/li>\n<li><span style=\"color: #000000;\">Eine Schere und Tesafilm zum bekleben des Bildes auf der Dose.<\/span><\/li>\n<li><span style=\"color: #000000;\">+ Ganz viel Spa\u00df an der Sache \ud83d\ude42<\/span><\/li>\n<li><span style=\"color: #000000;\">+1 Euro, <em>(wer kann)<\/em>.<\/span><\/li>\n<\/ol>\n<p><span style=\"color: #000000;\">Legt euer Blatt Papier bitte wie einen Mantel, b\u00fcndig um die Dose herum <em>(\u00d6ffnung oben)<\/em> und schneidet das Papier an den unteren Rand ab. Das gr\u00f6\u00dfere St\u00fcck Papier, sollt Ihr nun bemalen und wenn Ihr wollt noch mit einem Gru\u00df oder einer Genesungs-Botschaft versehen. Sobald Euer Bild fertig ist, sollt Ihr dieses Bild dann mit Tesa auf die Dose kleben.<\/span><\/p>\n<p><span style=\"color: #000000;\">Diese Dose schickt Ihr mit Euren Eltern dann an das \u201eIdeen im Team\u201c-Team oder der Person, die Euch zu der Challenge aufgerufen hat. Die Adresse:<\/span><\/p>\n<p><span style=\"color: #000000;\"><strong>Ideen im Team<\/strong><\/span><\/p>\n<p><span style=\"color: #000000;\">Faruk S\u00fcren (BSG)<\/span><br \/>\n<span style=\"color: #000000;\">Hamburger Stra\u00dfe 129<\/span><br \/>\n<span style=\"color: #000000;\">22083 Hamburg<\/span><\/p>\n<p><span style=\"color: #000000;\">Wir sammeln diese Dosen dann, bis wir mindestens <strong>1111 Dosen<\/strong> zusammenbekommen haben.<\/span><\/p>\n<p><span style=\"color: #000000;\"><img loading=\"lazy\" decoding=\"async\" src=\"http:\/\/ideen-im-team.de\/wp-content\/uploads\/2019\/07\/dose2.jpg\" alt=\"\" class=\"aligncenter wp-image-175 size-full\" width=\"653\" height=\"511\" srcset=\"https:\/\/ideen-im-team.de\/wp-content\/uploads\/2019\/07\/dose2.jpg 653w, https:\/\/ideen-im-team.de\/wp-content\/uploads\/2019\/07\/dose2-300x235.jpg 300w\" sizes=\"auto, (max-width: 653px) 100vw, 653px\" \/><\/span><\/p>\n<p><span style=\"color: #000000;\">Aus diesen \u00a0Dosen errichten wir dann feierlich den ersten gro\u00dfen Turm der Hoffnung in Hamburg, <em><u>(wo, wird noch gekl\u00e4rt)<\/u><\/em>, der nach der Aktion wieder abgebaut und fachgerecht auf dem Schrottplatz entsorgt wird.<\/span><\/p>\n<p><span style=\"color: #000000;\">Mit diesem Turm k\u00f6nnen wir dann hoffentlich nicht nur Gutes tun, sondern vielleicht auch ein Rekord aufstellen, den n\u00e4chstes Jahr andere \u00fcberbieten\u00a0 wollen. Bevor wir die Dosen entsorgen, ziehen wir die Bilder von den Dosen wieder ab <em>(deshalb bitte mit Tesa kleben)<\/em> und legen daraus ein Album an.<\/span><\/p>\n<p><span style=\"color: #000000;\">P.S. Das Geld, welches wir vom Verkauf des Dosen-Schrottes erhalten, spenden wir dann aus \u00f6kologischen Gr\u00fcnden wegen der Konserven-Dosen an eine Umweltorganisation, um auch da ein positives Zeichen zu setzen.<\/span><br \/>\n<span style=\"color: #000000;\">Also, lasst uns bitte Starten und ganz viel Spa\u00df haben.<\/span><\/p>\n<p><span style=\"color: #000000;\"><strong>Hier nun das erste Video zum Aufruf der Challenge von mir, meinen T\u00f6chtern Aliya und Aylin und meiner Frau \u201eTina\u201c. <\/strong><\/span><\/p>\n<p><span style=\"color: #000000;\"><strong>Weitere Infos unter, <\/strong><a href=\"http:\/\/www.ideen-im-team.de\" style=\"color: #000000;\"><strong>www.ideen-im-team.de<\/strong><\/a><strong> oder <\/strong><a href=\"mailto:faruk.sueren@ideen-im-team.de\" style=\"color: #000000;\"><strong>faruk.sueren@ideen-im-team.de<\/strong><\/a><\/span><br \/>\n<span style=\"color: #000000;\"><strong>sonst noch auf Facebook unter <a href=\"https:\/\/www.facebook.com\/Ideen-im-Team-1664142480524541\/\" style=\"color: #000000;\">Ideen im Team<\/a>.<\/strong><\/span><br \/>\n<span style=\"color: #000000;\"><strong>Viele liebe Gr\u00fc\u00dfe<\/strong><\/span><br \/>\n<span style=\"color: #000000;\"><strong>Euer Faruk S\u00fcren<\/strong><\/span><\/p>\n<p><span style=\"color: #000000;\">Allgemeine Informationen: <strong>Was ist IDEEN-IM-TEAM?<\/strong><\/span><\/p>\n<p><span style=\"color: #000000;\">Hallo Freunde,<\/span><\/p>\n<p><span style=\"color: #000000;\">\u201eIdeen im Team\u201c ist eine Privatinitiative von Faruk S\u00fcren, der es sich mit tollen Menschen aus seinem privaten und beruflichen Umfeld zur Aufgabe gemacht hat, mit Kindern, Jugendlichen aber auch Erwachsenen (z.B. Fl\u00fcchtlinge) sozial Ausgerichtete Projekte durchzuf\u00fchren.<\/span><\/p>\n<p><span style=\"color: #000000;\">Mit den Erl\u00f6sen aus unseren \u201eSchrot sei Dank\u201c Projekten, finanzieren wir z.B. unsere \u201eKunst on Tour\u201c oder jetzt Neu \u201eKinder machen Kinderb\u00fccher\u201c Projekte.<\/span><\/p>\n<p><span style=\"color: #000000;\">Viele Erl\u00f6se aus unseren Projekten spenden wir dann auch weiter, (siehe hier unsere Urkunden).<\/span><\/p>\n<p><span style=\"color: #000000;\">Wir sind eine Non-Profit-Initiative. Alle Unterst\u00fctzer von \u201eIdeen im Team\u201c helfen uns Ehrenamtlich! VIELEN DANK!<\/span><\/p>\n<p><span style=\"color: #000000;\">Vor allen m\u00f6chte Ich mich hier auch nochmal \u201eEXTRA\u201c bei all den Kindern, die uns bei unseren Projekten so toll unterst\u00fctzt haben bedanken.<\/span><\/p>\n<p><span style=\"color: #000000;\">DANKE, DANKE, DANKE!!!<\/span><\/p>\n<p><span style=\"color: #000000;\">Euer Faruk S\u00fcren, FLORI und das gesamte Team von \u201eIdeen im Team\u201c.<\/span><\/p>\n<p><span style=\"color: #000000;\"><img loading=\"lazy\" decoding=\"async\" src=\"http:\/\/ideen-im-team.de\/wp-content\/uploads\/2020\/03\/Turm3.jpg\" alt=\"\" class=\"aligncenter wp-image-205 size-full\" width=\"1448\" height=\"1448\" srcset=\"https:\/\/ideen-im-team.de\/wp-content\/uploads\/2020\/03\/Turm3.jpg 1448w, https:\/\/ideen-im-team.de\/wp-content\/uploads\/2020\/03\/Turm3-300x300.jpg 300w, https:\/\/ideen-im-team.de\/wp-content\/uploads\/2020\/03\/Turm3-1024x1024.jpg 1024w, https:\/\/ideen-im-team.de\/wp-content\/uploads\/2020\/03\/Turm3-150x150.jpg 150w, https:\/\/ideen-im-team.de\/wp-content\/uploads\/2020\/03\/Turm3-768x768.jpg 768w\" sizes=\"auto, (max-width: 1448px) 100vw, 1448px\" \/><\/span><\/p>\n<p><strong>Weitere Informationen finden Sie auch auf unserer Facebook Seite:<\/strong><br \/>\n<strong><a href=\"https:\/\/www.facebook.com\/ideen.im.team\/\" target=\"_blank\" rel=\"noopener noreferrer\">https:\/\/www.facebook.com\/ideen.im.team\/<\/a><\/strong><\/p>\n","protected":false},"excerpt":{"rendered":"<p>Nun ist es endlich vollbracht, am 14.08.2020 konnten wir unser Projekt \u201eTurm der Hoffnung\u201c zugunsten krebskranker Kinder mit einem WELTREKORD in \u201eDosen-Turm-Schnellaufbau\u201c abschlie\u00dfen. In einem dramatischen Krimi konnten wir die von unseren kleinen und gro\u00dfen Unterst\u00fctzern\u00a0gesammelten und bunt gestalteten\/bemalten Konservendosen, zu einem gigantischen 3,29 Meter hohen Turm aufstellen. Zu dem<a class=\"moretag\" href=\"https:\/\/ideen-im-team.de\/?page_id=240\"> Weiterlesen<\/a><\/p>\n","protected":false},"author":1,"featured_media":0,"parent":0,"menu_order":0,"comment_status":"closed","ping_status":"closed","template":"","meta":{"footnotes":""},"class_list":["post-240","page","type-page","status-publish","hentry"],"_links":{"self":[{"href":"https:\/\/ideen-im-team.de\/index.php?rest_route=\/wp\/v2\/pages\/240","targetHints":{"allow":["GET"]}}],"collection":[{"href":"https:\/\/ideen-im-team.de\/index.php?rest_route=\/wp\/v2\/pages"}],"about":[{"href":"https:\/\/ideen-im-team.de\/index.php?rest_route=\/wp\/v2\/types\/page"}],"author":[{"embeddable":true,"href":"https:\/\/ideen-im-team.de\/index.php?rest_route=\/wp\/v2\/users\/1"}],"replies":[{"embeddable":true,"href":"https:\/\/ideen-im-team.de\/index.php?rest_route=%2Fwp%2Fv2%2Fcomments&post=240"}],"version-history":[{"count":2,"href":"https:\/\/ideen-im-team.de\/index.php?rest_route=\/wp\/v2\/pages\/240\/revisions"}],"predecessor-version":[{"id":349,"href":"https:\/\/ideen-im-team.de\/index.php?rest_route=\/wp\/v2\/pages\/240\/revisions\/349"}],"wp:attachment":[{"href":"https:\/\/ideen-im-team.de\/index.php?rest_route=%2Fwp%2Fv2%2Fmedia&parent=240"}],"curies":[{"name":"wp","href":"https:\/\/api.w.org\/{rel}","templated":true}]}}