{"id":50,"date":"2019-02-07T14:42:23","date_gmt":"2019-02-07T14:42:23","guid":{"rendered":"http:\/\/ideen-im-team.de\/?page_id=50"},"modified":"2020-03-11T12:01:43","modified_gmt":"2020-03-11T12:01:43","slug":"flori-on-tour","status":"publish","type":"page","link":"https:\/\/ideen-im-team.de\/?page_id=50","title":{"rendered":"Flori on Tour"},"content":{"rendered":"\n<p><\/p>\n\n\n\n<figure class=\"wp-block-image size-large\"><img loading=\"lazy\" decoding=\"async\" width=\"1024\" height=\"156\" src=\"http:\/\/ideen-im-team.de\/wp-content\/uploads\/2020\/03\/Flori-\u00dcberschrift2-1024x156.jpg\" alt=\"\" class=\"wp-image-204\" srcset=\"https:\/\/ideen-im-team.de\/wp-content\/uploads\/2020\/03\/Flori-\u00dcberschrift2-1024x156.jpg 1024w, https:\/\/ideen-im-team.de\/wp-content\/uploads\/2020\/03\/Flori-\u00dcberschrift2-300x46.jpg 300w, https:\/\/ideen-im-team.de\/wp-content\/uploads\/2020\/03\/Flori-\u00dcberschrift2-768x117.jpg 768w, https:\/\/ideen-im-team.de\/wp-content\/uploads\/2020\/03\/Flori-\u00dcberschrift2-1536x233.jpg 1536w, https:\/\/ideen-im-team.de\/wp-content\/uploads\/2020\/03\/Flori-\u00dcberschrift2.jpg 1600w\" sizes=\"auto, (max-width: 1024px) 100vw, 1024px\" \/><\/figure>\n\n\n\n<figure class=\"wp-block-image size-large\"><img loading=\"lazy\" decoding=\"async\" width=\"1024\" height=\"1024\" src=\"http:\/\/ideen-im-team.de\/wp-content\/uploads\/2020\/03\/Flori2-1024x1024.jpg\" alt=\"\" class=\"wp-image-202\" srcset=\"https:\/\/ideen-im-team.de\/wp-content\/uploads\/2020\/03\/Flori2-1024x1024.jpg 1024w, https:\/\/ideen-im-team.de\/wp-content\/uploads\/2020\/03\/Flori2-300x300.jpg 300w, https:\/\/ideen-im-team.de\/wp-content\/uploads\/2020\/03\/Flori2-150x150.jpg 150w, https:\/\/ideen-im-team.de\/wp-content\/uploads\/2020\/03\/Flori2-768x768.jpg 768w, https:\/\/ideen-im-team.de\/wp-content\/uploads\/2020\/03\/Flori2.jpg 1448w\" sizes=\"auto, (max-width: 1024px) 100vw, 1024px\" \/><\/figure>\n\n\n\n<p><strong>Hallo\nFreunde, ich bin \u201eFlori\u201c, das zaubernde Feuerwehrauto<\/strong>. <\/p>\n\n\n\n<p>1978 bin ich gebaut\nworden und habe gleich bei der Feuerwehr in Wannbach, in S\u00fcden von Deutschland\nangefangen zu arbeiten.<\/p>\n\n\n\n<p>Nach \u00fcber 30\nabenteuerlichen Jahren bei der\nFeuerwehr, wurde ich leider viel zu fr\u00fch und f\u00fcr mich total \u00fcberraschend in die\nRente geschickt. Der echt gemeine T\u00dcV und die bescheuerten Vorschriften\nerlaubten nicht mehr, dass ich meine Freunde w\u00e4hrend ihrer meist spektakul\u00e4ren\nEins\u00e4tze unterst\u00fctzen durfte. <\/p>\n\n\n\n<p>Ich hatte immer so viel\nSpa\u00df und Freude am aktiven Dienst in der Feuerwehr. Die Kameradschaft gefiel\nmir so sehr und es war wirklich eine sehr aufregende Zeit, in der ich so viel\nhelfen und Gutes tun konnte. &nbsp;<\/p>\n\n\n\n<p>Das Allerbeste aber war, dass ich bei unseren Eins\u00e4tzen heimlich zaubern konnte, ohne das es jemand mitbekommen hatte. <\/p>\n\n\n\n<p>Durch meine\nZauberk\u00fcnste, haben wir schon viele brenzlige Situationen gemeistert und \u00fcberstanden,\ndie von den anderen, immer f\u00fcr ein Wunder gehalten wurden.<\/p>\n\n\n\n<p>Es gibt immer nur ein Feuerwehrauto von 10.000 St\u00fcck, das Zaubern kann. Wir Zauberautos d\u00fcrfen es nur niemanden sagen, sonst verlieren wir unsere Zauberkraft. Wenn&nbsp; meine Vorgesetzten wissen w\u00fcrden, was ich mit meinem Zauber bewirken kann, h\u00e4tten sie mich niemals weckgeschickt. Ich darf es ihnen aber leider nicht verraten.<\/p>\n\n\n\n<p>Auch wenn mir immer bewusst war, dass dieser Tag des Abschiedes irgendwann einmal kommen wird, merkte ich, wie unendlich traurig mich all das machte.<\/p>\n\n\n\n<p>Am schlimmsten war es f\u00fcr mich, wenn wir uns abends getroffen haben und alle von ihren Eins\u00e4tzen erz\u00e4hlten, bei denen ich nicht dabei sein durfte. Mir blieb nur noch die Zuh\u00f6rerrolle. Alle strotzten vor Stolz und Begeisterung beim Erz\u00e4hlen ihrer Erlebnisse. Obwohl ich mich riesig freute f\u00fcr meine Freunde, tat es mir immer doller weh, nicht mehr dabei zu sein und auch nie mehr dazuzugeh\u00f6ren. &nbsp;<\/p>\n\n\n\n<p>Ich begann mich immer\nweiter zur\u00fcck zu ziehen und verlie\u00df meine Unterkunft nur noch sehr selten. Die\neinzige Abwechslung die ich hatte, ist der Kontakt zu meinem Freund \u201eSchleppi\u201c\nin Hamburg gewesen. Auch ihm ist es \u00e4hnlich ergangen wie mir. Er musste seinen geliebten Job wegen eines\nUnfalls, wo er sich schwer verletzt hatte, aufgeben. Er ist auch sehr lange\ntraurig gewesen. Als er eine Einstellung in Hamburg als Oldtimer-Wart auf einer Tanke in Hamburg fand, bl\u00fchte er wieder richtig auf.<\/p>\n\n\n\n<p>Deshalb schmiedeten wir\ngemeinsam einen Plan.<\/p>\n\n\n\n<p>Wir beschlossen, dass ich\nWannbach f\u00fcr eine Weile verlasse und meinen Freund \u201eSchleppi\u201c in der gro\u00dfen\nWeltmetropole Hamburg besuchen komme.&nbsp;Bei einer \u201eNacht\nund Nebel\u201c-Aktion packte ich meine sieben\nSachen f\u00fcr meine Reise ins ca. 600&nbsp;km entfernte\nHamburg zusammen.<\/p>\n\n\n\n<p>Ich war\nsehr aufgeregt und freute mich, endlich wieder eigene spannende Abenteuer zu\nerleben.<\/p>\n\n\n\n<p>Als ich meine Unterkunft\nmit schlotternden Reifen verlies, machte ich als aller letztes einen gro\u00dfen\nNotizzettel an meiner Unterkunft fest.<\/p>\n\n\n\n<figure class=\"wp-block-image size-large\"><img loading=\"lazy\" decoding=\"async\" width=\"1024\" height=\"1024\" src=\"http:\/\/ideen-im-team.de\/wp-content\/uploads\/2020\/03\/Flori1-1024x1024.jpg\" alt=\"\" class=\"wp-image-201\" srcset=\"https:\/\/ideen-im-team.de\/wp-content\/uploads\/2020\/03\/Flori1-1024x1024.jpg 1024w, https:\/\/ideen-im-team.de\/wp-content\/uploads\/2020\/03\/Flori1-300x300.jpg 300w, https:\/\/ideen-im-team.de\/wp-content\/uploads\/2020\/03\/Flori1-150x150.jpg 150w, https:\/\/ideen-im-team.de\/wp-content\/uploads\/2020\/03\/Flori1-768x768.jpg 768w, https:\/\/ideen-im-team.de\/wp-content\/uploads\/2020\/03\/Flori1.jpg 1448w\" sizes=\"auto, (max-width: 1024px) 100vw, 1024px\" \/><\/figure>\n\n\n\n<p><strong>\u201eBin verreist, Euer Flori\u201c!!!<\/strong><\/p>\n\n\n\n<p>Nun fuhr ich aus meiner Unterkunft heraus, drehte mich kurz noch um und trat dann so fest ich konnte&nbsp; mein Gaspedal durch, um schnellstm\u00f6glich davon zu fahren, bevor ich doch noch kalte Reifen bekomme und es mir anders \u00fcberlegen w\u00fcrde. Erst kurz vor der Tankstelle am Ausgang von Wannbach lie\u00df ich von meinem Gaspedal wieder ab und fuhr zum Tanken ran. Ich war froh, dass ich auf der Tanke keine mir bekannten Gesichter traf.<\/p>\n\n\n\n<p>Ich tankte ganz schnell,\nzahlte und verzog mich so unauff\u00e4llig wie es nur ging. Kurz darauf war ich auch\nschon auf der Autobahn und die Reise ins Abenteuer begann. W\u00e4hrend der Fahrt\nmalte ich mir die spannendsten Geschichten aus aber was mich&nbsp;dann\ntats\u00e4chlich in meiner neuen Heimat erwartete, ist weitaus mehr,&nbsp;als ich mir in den k\u00fchnsten Tr\u00e4umen\nh\u00e4tte&nbsp;ausmalen k\u00f6nnen. <\/p>\n\n\n\n<p>Davon &#8211; meine lieben Freunde \u2013 erf\u00e4hrt\nihr aber beim n\u00e4chsten\nMal von meinen neuen Freunden\u2026<\/p>\n\n\n\n<p><strong>*************<\/strong><\/p>\n\n\n\n<p><em>Hallo\nFreunde, ich bin Faruk, der Gr\u00fcnder vom Projekt \u201eIdeen im Team\u201c, wo \u201eFlori\u201c,\nseid dem er nach Hamburg kam, uns immer flei\u00dfig Unterst\u00fctzt.<\/em><\/p>\n\n\n\n<p><em>Ab hier\nerz\u00e4hle <strong>\u201eich\u201c<\/strong> oder <strong>\u201ewir\u201c<\/strong> gemeinsam, die spannendsten\nGeschichten, die wir mit <strong>\u201eFlori\u201c<\/strong>\nerlebt haben. <\/em><\/p>\n\n\n\n<p><em>Wenn <strong>\u201eFlori\u201c <\/strong>Euch die Geschichten selber erz\u00e4hlt h\u00e4tte, wie zum Beispiel die Geschichten von &#8230;<\/em><\/p>\n\n\n\n<p><em><strong>\u201eFlori und die Kinder des Astronauten\u201c<\/strong>, <\/em><br><em><strong>\u201eFlori und die ausgeb\u00fcxten Zirkus-Tiger\u201c<\/strong> oder auch <\/em><br><em><strong>\u201eFlori und die AlAy-Schwestern\u201c<\/strong>, <\/em><\/p>\n\n\n\n<p><em>&#8230; dann h\u00e4tte er viel zu gro\u00dfe Angst, dass <strong>\u201eIhr\u201c<\/strong> ihn f\u00fcr ein Geschichten-Erz\u00e4hler h\u00e4lt.<\/em><\/p>\n\n\n\n<p><strong><em>Also bis bald, Euer Team von \u201eIdeen im Team\u201c\u2026<\/em><\/strong><\/p>\n","protected":false},"excerpt":{"rendered":"<p>Hallo Freunde, ich bin \u201eFlori\u201c, das zaubernde Feuerwehrauto. 1978 bin ich gebaut worden und habe gleich bei der Feuerwehr in Wannbach, in S\u00fcden von Deutschland angefangen zu arbeiten. Nach \u00fcber 30 abenteuerlichen Jahren bei der Feuerwehr, wurde ich leider viel zu fr\u00fch und f\u00fcr mich total \u00fcberraschend in die Rente<a class=\"moretag\" href=\"https:\/\/ideen-im-team.de\/?page_id=50\"> Weiterlesen<\/a><\/p>\n","protected":false},"author":1,"featured_media":0,"parent":0,"menu_order":0,"comment_status":"closed","ping_status":"closed","template":"","meta":{"footnotes":""},"class_list":["post-50","page","type-page","status-publish","hentry"],"_links":{"self":[{"href":"https:\/\/ideen-im-team.de\/index.php?rest_route=\/wp\/v2\/pages\/50","targetHints":{"allow":["GET"]}}],"collection":[{"href":"https:\/\/ideen-im-team.de\/index.php?rest_route=\/wp\/v2\/pages"}],"about":[{"href":"https:\/\/ideen-im-team.de\/index.php?rest_route=\/wp\/v2\/types\/page"}],"author":[{"embeddable":true,"href":"https:\/\/ideen-im-team.de\/index.php?rest_route=\/wp\/v2\/users\/1"}],"replies":[{"embeddable":true,"href":"https:\/\/ideen-im-team.de\/index.php?rest_route=%2Fwp%2Fv2%2Fcomments&post=50"}],"version-history":[{"count":6,"href":"https:\/\/ideen-im-team.de\/index.php?rest_route=\/wp\/v2\/pages\/50\/revisions"}],"predecessor-version":[{"id":209,"href":"https:\/\/ideen-im-team.de\/index.php?rest_route=\/wp\/v2\/pages\/50\/revisions\/209"}],"wp:attachment":[{"href":"https:\/\/ideen-im-team.de\/index.php?rest_route=%2Fwp%2Fv2%2Fmedia&parent=50"}],"curies":[{"name":"wp","href":"https:\/\/api.w.org\/{rel}","templated":true}]}}